et f be 1 - 3*8/l. What is the remainder when f/1 + (-7 - -10) is divided by 1?
0
Suppose 45*p + 1033 = 4*m + 44*p, -2*m + 524 = -2*p. Calculate the remainder when 467 is divided by m.
210
Suppose 0 = 7*h - 3*h - 156. Let j(p) = -1670*p + 18385. Calculate the remainder when h is divided by j(11).
9
Let l = 1267 - 692. Let q = l + -186. What is the remainder when q is divided by 14?
11
What is the remainder when (-288)/(-32)*(-852)/(-54) is divided by 61?
20
Let q = 5920 - 5885. What is the remainder when 448 is divided by q?
28
Let o = 9745 - 9557. What is the remainder when o is divided by 29?
14
Suppose -28*j + 27*j = -104. Suppose 18*n + j = 22*n. Suppose f = -3*f - 5*d + 18, -d + 19 = 3*f. What is the remainder when n is divided by f?
5
Let v = -16883 + 17856. What is the remainder when v is divided by 288?
109
What is the remainder when (-28082)/(-23) + (-14)/(-322) is divided by 8?
5
Suppose -2*m - 4*o = -4*o - 2*o, 2*o - 12 = 0. What is the remainder when 3873 is divided by m?
3
Let x be (-45)/(-1) - 138/46. Suppose 2*p - 16 = x. What is the remainder when 35 is divided by p?
6
Let n(b) = 2*b + 21. Let x be n(-9). Let h be 0 - (x + -1) - -2 - -16. Let p = h - 10. What is the remainder when 19 is divided by p?
1
Let h = -14 - -14. Let c(d) = -d**3 - d**2 - d + 2. Let u be c(h). Suppose 0 = -5*a + 4*m + 65, -10 - u = -a + m. What is the remainder when 66 is divided by a?
15
Suppose 5*v = -2*z + 8*v + 636, -4*z - 2*v + 1256 = 0. Calculate the remainder when z is divided by 101.
12
Calculate the remainder when 705*((-77)/(-28))/11*4 is divided by 177.
174
Suppose 6*q + 15*q + 294 = 23*q. Calculate the remainder when 308 is divided by q.
14
Let s(n) = -194*n - 28705. Calculate the remainder when (-8 - -1)/(2/(-6)) is divided by s(-148).
0
Let k = -158 - -159. What is the remainder when (290/9)/k - (-38)/(-171) is divided by 18?
14
What is the remainder when (-550)/200 + 815/4 is divided by 52?
45
Let m = -41878 + 41908. Suppose 2*r + 2 = -4. What is the remainder when 443/3 + r/(-9) is divided by m?
28
Let q be 1/2 + 87/58. Suppose 17 = -q*f + 61. What is the remainder when 53 is divided by f?
9
Let t(l) = l**2 - 6*l + 3. Suppose 0 = 6*z - 14*z - 2912. Let v = z + 513. Calculate the remainder when v is divided by t(8).
16
Let g be (-39)/(-2) - 2/(-4). Suppose -13*y - 19*y + 352 = -10*y. What is the remainder when y is divided by (-2)/(2 + g/(-9))?
7
Let v = -15035 - -14862. Suppose 0 = -2*u + 4*a - 1 - 3, 4*u = -2*a - 28. What is the remainder when 92 is divided by v/u - (-3)/18 - -4?
26
Suppose 0 = 7*z - 6*z. Let v(k) = -2*k + 5. Let l be v(z). Suppose l*y - 3*y = -5*s + 173, -25 = -5*s. Calculate the remainder when y is divided by 19.
17
Suppose 0 = -6*u + 39*u - 2018 - 2965. Suppose -2*i + 5*w + 112 = 0, 3*i - 94 = i - 4*w. What is the remainder when u is divided by i?
49
Let v(q) = 3*q. Let u(k) = k + 2. Let b(z) = -6*u(z) - v(z). Let t be b(-4). Suppose -5*s + 11 + t = 0. What is the remainder when 19 is divided by s?
5
Suppose 4*x - 61 = 99. Calculate the remainder when (466/(-8) - 1)*(-101)/(3737/148) is divided by x.
37
Let d = 791 - 1432. Let o be ((-24)/(-18))/(-2 - d/321). Calculate the remainder when 5/20 + o/(-16) is divided by 9.
0
Suppose -285 + 565 = 14*n. Calculate the remainder when 3 - (4 + (-1 - 179)) is divided by n.
19
Suppose 27*m + 75 = 32*m. Calculate the remainder when 1181 is divided by m.
11
What is the remainder when 569 is divided by ((4995/(-162))/((-4)/(-8)))/(1/(-3))?
14
Let w(z) = 2*z**3 - 4*z**2 - 1. Let a(y) = 12*y + 62. Let s be a(-5). Suppose -30 = -s*m - 24. What is the remainder when w(m) is divided by 6?
5
Let l(v) = -v**3 - 9*v**2 - 4*v + 126. What is the remainder when 429 is divided by l(-8)?
53
Let d = 2254 - 2121. Let k = -114 + 160. What is the remainder when d is divided by k?
41
Let l(q) = 2*q**3 + 17*q**2 - 10*q + 11. Let k be l(-9). Suppose k*d - 330 - 290 = 0. What is the remainder when d is divided by 13?
5
Suppose 532 = 5*x + 137. Suppose 3*p + 2*h - 225 = 0, -p = -5*h + 9 - 101. Suppose -38*l + p = -265. What is the remainder when x is divided by l?
7
Suppose 0 = -y - 3 + 6. Suppose i - 7 = -y. Suppose 3*v - 14*a = -16*a + 97, 5*a = 5*v - 120. Calculate the remainder when v is divided by i.
1
Suppose 4*k + k - 2*v = 90, -3*v = 4*k - 95. Suppose -a - q = -k, -2*a - 3*a = q - 120. What is the remainder when (-73)/2*2/(-1) is divided by a?
23
Let l be ((-17)/(-5) - 3)*15. Let n be l/(10/5)*2. Suppose -n*f = -941 - 79. What is the remainder when f is divided by 43?
41
Let q = 152 + -59. Suppose -20*l + 120 = 4*l. Calculate the remainder when q is divided by l.
3
Let x(w) = -17*w**2 - 30*w - 219. Let h(p) = 3*p**2 + 6*p + 44. Let l(y) = -11*h(y) - 2*x(y). Calculate the remainder when 31 is divided by l(-5).
4
What is the remainder when 5/(5/6) - 5832/(-27) is divided by 53?
10
What is the remainder when (-630)/(-525) - ((-20622)/15 - -1) is divided by 455?
10
Suppose 9*d = -l + 87, 5*l + 3*d + 38 = 305. Calculate the remainder when 605 is divided by l.
44
Let j(l) = -3*l**3 - 8*l**2 + l - 19. Let b(z) = -16*z - 214. Let t be b(-13). What is the remainder when j(t) is divided by 56?
55
Let i(j) = j**3 + 9*j**2 - 6*j + 104. Calculate the remainder when 2175 is divided by i(-10).
63
Suppose -481*z = -560*z + 6636. What is the remainder when 164 is divided by z?
80
Suppose -3*u - 15 + 96 = 0. Let z = -9 - -10. What is the remainder when 302/6 - z*8/(-12) is divided by u?
24
Let i = -2126 - -2491. Calculate the remainder when i is divided by 101.
62
Let c = 154 - 147. Suppose -250 - 380 = -c*n. What is the remainder when 539 is divided by n?
89
Suppose -4*p = -175 - 825. Suppose -5*j = 5*v - p, 4*j = -2*v + 3*v + 220. Let c = 17 - 6. Calculate the remainder when j is divided by c.
10
Suppose 30 = -5*x, p - 3*x = 2*p - 134. Calculate the remainder when 1060 is divided by p.
148
Suppose 0 = -89*c + 3097 - 709 + 1973. What is the remainder when 635 is divided by c?
47
Let w(k) = -1 + 7 + 4*k + 1 - 3*k + 28. Calculate the remainder when 53 is divided by w(-7).
25
Let s = -4 + 15. Suppose 10*d - s*d = -98. Suppose -7*v + 3*q = -3*v - 150, -d = -3*v - 5*q. Calculate the remainder when v is divided by 14.
8
Suppose 50 = -2*y + 4*o, 4*y - 7*y - 3*o = 48. Let q(j) = 2*j**2 + 35*j - 16. Calculate the remainder when q(y) is divided by 12.
5
Suppose 8 = 177*r - 176*r. Calculate the remainder when r is divided by (2 - 13/5)*120/(-24).
2
Let g = 216 - 63. Let c be -1*(14/(-21) + 479/3). Let n = 198 + c. What is the remainder when g is divided by n?
36
Let p(c) = -8*c**2 + 100*c - 3. Let l be p(12). Suppose l + 24 = q. Calculate the remainder when q is divided by 18.
15
Suppose 0 = 4*z - z + 2*u - 275, 3*z - 4*u = 251. What is the remainder when z/2*(4 - 2) is divided by 7?
5
Let j(y) = -76*y - 370. What is the remainder when 261/15 + (-2)/5 is divided by j(-5)?
7
Let d = 78 - 78. Suppose d = -a + g + 31, a + g + 57 = 3*a. Suppose -2*r + a + 10 = 0. What is the remainder when 68 is divided by r?
14
Let q = 27 - 44. Calculate the remainder when 51 is divided by (-2 - q/(-5))*80/(-24).
15
Suppose -4*t - 496 = -4*b, 0 = 4*b - 3*t + 6*t - 461. What is the remainder when 353 is divided by b?
115
Suppose -4*c + 894 = -5*w, 81*c - 83*c - 2*w + 420 = 0. What is the remainder when c is divided by 61?
33
Let r(p) = 13*p**3 + 3*p**2 + 30*p - 63. Calculate the remainder when 354 is divided by r(2).
15
Suppose -4*i = -4*r - 940, 5*i + 4*r - 201 = 983. Calculate the remainder when 1171 is divided by i.
227
Let x be -6*(-2)/(-9)*84/(-4). What is the remainder when (4/7)/(-2) + 2304/x is divided by 12?
10
Calculate the remainder when 2097 is divided by (-196)/(-10) + 0 + (-284)/(-710).
17
What is the remainder when 2230 is divided by ((-564)/(-8) - 10) + 3/2?
60
Let t(f) = f**3 - 6*f**2 - 6*f + 8. Suppose -3*x = 5*u - 94, 0 = 11*u - 6*u + 5. Suppose 3*l + x*l - 1044 = 0. What is the remainder when l is divided by t(7)?
14
Suppose -122 = -o + 418. Calculate the remainder when (-6)/(-2) - o/(-20) is divided by (41 - 8)*(-1)/(-3).
8
Calculate the remainder when 1676 is divided by (-8)/(-14)*14 + -4 + 47.
44
Let l be -7 - (2 - (6 - -2)). Let s(p) = -12*p + 8. Calculate the remainder when s(l) is divided by 12.
8
Let v = 1297 +